{"id":643,"date":"2017-06-28T23:35:18","date_gmt":"2017-06-28T23:35:18","guid":{"rendered":"http:\/\/cooptadeo.com\/wordpress\/?page_id=643"},"modified":"2017-06-29T21:06:37","modified_gmt":"2017-06-29T21:06:37","slug":"tratamiento-de-datos","status":"publish","type":"page","link":"https:\/\/cooptadeo.com\/wordpress\/tratamiento-de-datos\/","title":{"rendered":"Tratamiento de datos"},"content":{"rendered":"<h2><strong>TRATAMIENTO DE DATOS PERSONALES<\/strong><\/h2>\n<h3>1.\u00a0\u00a0 OBJETIVO<\/h3>\n<p>La Cooperativa de Empleados Universidad Jorge Tadeo Lozano, Sigla Cooptadeo, a denominarse en adelante la COOPERATIVA, cuyo objeto social es Contribuir a elevar el nivel educativo, econ\u00f3mico, social y cultural de sus asociados e irradiar beneficios a la comunidad en general ha definido el tratamiento de los datos personales con el objetivo de dar cumplimiento a la normatividad vigente sobre la protecci\u00f3n de datos personales, dentro de las cuales se encuentra el adoptar unas pol\u00edticas y procedimientos para garantizar el cumplimiento de la ley expedida sobre el tema;\u00a0 Establecer los criterios sobre la obtenci\u00f3n, recolecci\u00f3n, uso, tratamiento, procesamiento, intercambio, transferencia y transmisi\u00f3n de datos personales y\u00a0 Establecer las responsabilidades de COOPTADEO y sus grupo de inter\u00e9s respecto al derecho de conocer, actualizar y\/o rectificar la informaci\u00f3n frente a la instituci\u00f3n.<\/p>\n<p>&nbsp;<\/p>\n<h3>2. ALCANCE<\/h3>\n<p>Esta pol\u00edtica se aplicara\u0301 a todas las bases de datos y archivos que contengan datos personales que sean objeto de tratamiento por parte de COOPTADEO como responsable o encargada de su tratamiento.<\/p>\n<p>La Pol\u00edtica de tratamiento de datos personales COOPTADEO va dirigida a\u00a0 asociados, directivos, funcionarios, contratistas, terceros y a los diferentes grupos de inter\u00e9s que tengan relaci\u00f3n con la Cooperativa.<\/p>\n<p>&nbsp;<\/p>\n<h3>3. DEFINICI\u00d3NES, T\u00c9RMINOS Y SIGLAS<\/h3>\n<p><strong>Base de Datos:<\/strong> Conjunto organizado de datos personales que sea objeto del tratamiento.<\/p>\n<ul>\n<li><strong>Dato Personal:<\/strong> Cualquier informaci\u00f3n vinculada o relacionada, que pueda ser asociada a una o varias personas naturales, determinadas o determinables.<\/li>\n<\/ul>\n<p><strong>Autorizaci\u00f3n:<\/strong> Consentimiento previo, expreso e informado del Titular para llevar a cabo el tratamiento de datos personales.<\/p>\n<p><strong>Encargado del tratamiento:<\/strong> Personal natural o jur\u00eddica, p\u00fablica o privada, que por s\u00ed misma o en asocio con otros, realice el Tratamiento de datos personales por cuenta del Responsable del Tratamiento.<\/p>\n<p><strong>Responsable del Tratamiento:<\/strong> Persona natural o jur\u00eddica, p\u00fablica o privada, que por s\u00ed misma o en asocio con otros, decida sobre la base de datos y\/o tratamiento de los datos.<\/p>\n<p><strong>Titular:<\/strong> Persona Natural cuyos datos personales sean objeto de tratamiento.<\/p>\n<p><strong>Tratamiento:<\/strong> Cualquier operaci\u00f3n o conjunto de operaciones sobre datos personales tales como recolecci\u00f3n, almacenamiento, uso, circulaci\u00f3n o supresi\u00f3n.<\/p>\n<p><strong>Transferencia:<\/strong> La transferencia de datos tiene lugar cuando el responsable y\/o encargado del tratamiento de datos personales, ubicado en Colombia, env\u00eda la informaci\u00f3n o los datos personales a un receptor, que a su vez es responsable del tratamiento.<\/p>\n<p><strong>Transmisi\u00f3n:<\/strong> Tratamiento de datos personales que implica la comunicaci\u00f3n de los mismos dentro o fuera del territorio de la Rep\u00fablica de Colombia cuando tenga por objeto la realizaci\u00f3n de un tratamiento por el encargado por cuenta del responsable.<\/p>\n<h2><\/h2>\n<h3>4. NORMATIVIDAD<\/h3>\n<h3>Constituci\u00f3n Pol\u00edtica de Colombia: Art\u00edculo 15<\/h3>\n<p><strong>Ley Estatutaria 1581 de 2012:<\/strong> Por la cual se dictan disposiciones generales para la protecci\u00f3n de datos personales.<\/p>\n<p><strong>Decreto 1377 de 2013:<\/strong> Por el cual se reglamenta parcialmente la Ley 1581 de 2012<\/p>\n<p><strong>Ley Estatutaria 1266 de 2008:<\/strong> Por la cual se dictan las disposiciones generales del h\u00e1beas data y se regula el manejo de la informaci\u00f3n contenida en bases de datos personales, en especial la financiera, crediticia, comercial, de servicios y la provenientes de terceros pa\u00edses y se dictan otras disposiciones.<\/p>\n<p>&nbsp;<\/p>\n<h3>5. CONTENIDO DEL DOCUMENTO<\/h3>\n<h2><strong>\u00a0<\/strong><\/h2>\n<h3>5.1 Informaci\u00f3n que posee la Cooperativa<\/h3>\n<p>Los datos que posee la COOPERATIVA de asociados, correspondientes a los contenidos en el SARLAFT, para persona natural y\/o jur\u00eddica, que corresponde al documento de afiliaci\u00f3n o vinculaci\u00f3n de directivos, funcionarios, contratistas, terceros y grupos de inter\u00e9s; \u00e9stos datos son entre otros:<\/p>\n<ol>\n<li>Tipo y n\u00famero de documento de identificaci\u00f3n (c\u00e9dula de ciudad o extranjer\u00eda, o NIT).<\/li>\n<li>Nombres y Apellidos \/ Raz\u00f3n Social.<\/li>\n<li>Cargo \/Ocupaci\u00f3n.<\/li>\n<li>Fecha de nacimiento \/ fecha de constituci\u00f3n del ente jur\u00eddico.<\/li>\n<li>Tel\u00e9fonos fijos y celulares de contacto (personal o laboral).<\/li>\n<li>Direcciones y correo electr\u00f3nico (personales y laborales).<\/li>\n<li>Informaci\u00f3n financiera sobe ingresos, gastos activos, pasivos y patrimonio.<\/li>\n<li>Informaci\u00f3n de beneficiarios.<\/li>\n<\/ol>\n<h1><\/h1>\n<h3>5.2. Autorizaci\u00f3n para el uso de la informaci\u00f3n<\/h3>\n<h3>\u00a05.2.1. Mecanismos de autorizaci\u00f3n<\/h3>\n<p>Cooptadeo coloca a disposici\u00f3n los mecanismos para que los titulares autoricen el uso de la informaci\u00f3n; \u00e9stos podr\u00e1n ser comunicaciones de manera escrita o digital y\/o electr\u00f3nica, los cuales son sujetos a consulta posterior.\u00a0 COOPTADEO mantendr\u00e1 los registros de c\u00f3mo y cu\u00e1ndo obtuvo dicha autorizaci\u00f3n mediante medios t\u00e9cnicos o tecnol\u00f3gicos id\u00f3neos.<\/p>\n<h3>5.2.2. Usos de la informaci\u00f3n<\/h3>\n<p>La Cooperativa previa autorizaci\u00f3n de los titulares de la informaci\u00f3n, podr\u00e1 hacer usos de la misma para efectos de:<\/p>\n<ul>\n<li>Realizar tr\u00e1mites financieros, administrativos, de reportes de informaci\u00f3n a las entidades de supervisi\u00f3n, control y vigilancia requeridos en su condici\u00f3n de cooperativa de aportes y cr\u00e9dito.<\/li>\n<li>Desarrollar campa\u00f1as de comunicaci\u00f3n, divulgaci\u00f3n y promoci\u00f3n de servicios, convenios, beneficios, resultados de alianzas y otros en cumplimiento de su objeto social.<\/li>\n<li>Enviar informaci\u00f3n para fines administrativos, legales, tributarios y otros relacionados con la actividad de la Cooperativa.<\/li>\n<li>Transferir y transmitir datos a entidades de control y vigilancia, entidades que solicitan reporte, centrales de riesgo y relacionados \u00fanicamente en cumplimiento de la operaci\u00f3n de La Cooperativa.<\/li>\n<li>Enviar informaci\u00f3n sobre cambio y\/o actualizaciones en nuestros procedimientos y servicios.<\/li>\n<li>Evaluar la calidad de la atenci\u00f3n y servicio de La Cooperativa.<\/li>\n<\/ul>\n<h3><\/h3>\n<h3>5.2.3. Revocatoria de la autorizaci\u00f3n<\/h3>\n<p>Los titulares de los datos personales pueden en cualquier momento revocar el consentimiento al tratamiento de sus datos personales, siempre y cuando el Titular no tenga un deber legal o contractual de permanecer en la base de datos, en \u00e9ste casos la revocatoria debe ser solicitada por el titular a trav\u00e9s del correo electr\u00f3nico <a href=\"mailto:protecciondatos@cooptadeo.com\">protecciondatos@cooptadeo.com<\/a><\/p>\n<p>&nbsp;<\/p>\n<h3>5.3. Protecci\u00f3n de la informaci\u00f3n<\/h3>\n<p>La Cooperativa cuenta con los procedimientos y herramientas tecnol\u00f3gicas que le permiten recolectar, distribuir, almacenar, administrar, consultar y usar la informaci\u00f3n personal a trav\u00e9s de protocolos internos establecidos para tal fin de tal forma que se garantice la seguridad de la misma, impidiendo el acceso indeseado por parte de terceras personas.<\/p>\n<p>&nbsp;<\/p>\n<h3>5.4. Alcance y contenido del aviso de privacidad de la informaci\u00f3n<\/h3>\n<p>El aviso de privacidad contiene informaci\u00f3n como la identidad de la persona f\u00edsica o moral; las finalidades y acciones que motivan a la obtenci\u00f3n, uso y custodia de la informaci\u00f3n personal; los mecanismos para que el titular pueda ejercer los derechos vinculados a la protecci\u00f3n de datos personales, el mecanismo para conocer y consultar la pol\u00edtica de tratamiento de la informaci\u00f3n.<\/p>\n<p><strong>\u00a0<\/strong><\/p>\n<h3>5.5. Derechos De Los Titulares De La Informaci\u00f3n<\/h3>\n<p>El titular de la informaci\u00f3n tendr\u00e1 los siguientes derechos conforme a las disposiciones legales:<\/p>\n<ol>\n<li>Conocer, actualizar y rectificar sus datos personales. Este derecho se podr\u00e1 ejercer, entre otros frente a datos parciales, inexactos, incompletos, fraccionados, que induzcan a error, o aquellos cuyo tratamiento est\u00e9 expresamente prohibido o no haya sido autorizado;<\/li>\n<li>Solicitar prueba de la autorizaci\u00f3n otorgada, salvo cuando expresamente se except\u00fae como requisito para el tratamiento, de conformidad con lo previsto en el art\u00edculo 10 de la Ley estatutaria 1581 de 2012.<\/li>\n<li>Ser informado por parte de la Cooperativa, previa solicitud, respecto del uso que le ha dado a sus datos personales.<\/li>\n<li>Presentar ante la Superintendencia de Industria y Comercio quejas por infracciones a lo dispuesto en la Ley estatutaria 1581 de 2012 y las dem\u00e1s normas que la modifiquen, adicionen o complementen.<\/li>\n<li>Revocar la autorizaci\u00f3n y\/o solicitar la supresi\u00f3n del dato cuando en el tratamiento no se respeten los principios, derechos y garant\u00edas constitucionales y legales. La revocatoria y\/o supresi\u00f3n proceder\u00e1 cuando la Superintendencia de Industria y Comercio haya determinado que se ha incurrido en conductas contrarias a Ley estatutaria 1581 de 2010 y a la Constituci\u00f3n.<\/li>\n<li>Acceder en forma gratuita a sus datos personales.<\/li>\n<\/ol>\n<p><strong>\u00a0<\/strong><\/p>\n<h3>5.6. Deberes de La Cooperativa<\/h3>\n<p>La Cooperativa, cuando act\u00fae como responsable del tratamiento de datos personales, cumplir\u00e1 con los siguientes deberes:<\/p>\n<ol>\n<li>Garantizar al titular, en todo tiempo, el pleno y efectivo ejercicio del derecho de h\u00e1beas data.<\/li>\n<li>Solicitar y conservar, copia de la respectiva autorizaci\u00f3n autorizaci\u00f3n otorgada por el titular.<\/li>\n<li>Informar debidamente al titular sobre la finalidad de la recolecci\u00f3n y los derechos que asisten.<\/li>\n<li>Conservar la informaci\u00f3n bajo condiciones de seguridad necesarias para impedir su adulteraci\u00f3n, perdida, consulta, uso o acceso no autorizado o fraudulento.<\/li>\n<li>Garantizar que la informaci\u00f3n que se suministre sea veraz, completa, exacta, actualizada, comprobable y comprensible.<\/li>\n<li>Actualizar la informaci\u00f3n y las novedades respecto de los datos personales que previamente le haya suministrado el titular y adoptar las dem\u00e1s medidas necesarias para que la informaci\u00f3n suministrada se mantenga actualizada.<\/li>\n<li>Rectificar la informaci\u00f3n cuando sea incorrecta y comunicar lo pertinente al titular.<\/li>\n<li>Tramitar las consultas y reclamos formulados.<\/li>\n<li>Informar a solicitud del Titular sobre el uso dado a sus datos.<\/li>\n<li>Informar a la autoridad de protecci\u00f3n de datos cuando se presenten violaciones a los c\u00f3digos de seguridad y existan riesgos en la administraci\u00f3n de la informaci\u00f3n de los Titulares.<\/li>\n<li>Expedir un manual interno para garantizar el adecuado cumplimiento de la Ley.<\/li>\n<\/ol>\n<p>&nbsp;<\/p>\n<h3>5.7. Utilizaci\u00f3n y Transferencia Internacional de Datos Personales e Informaci\u00f3n personal por parte de la Cooperativa<\/h3>\n<p>El titular de la informaci\u00f3n autoriza expresamente que la totalidad de su informaci\u00f3n personal pueda ser transferida al exterior, sujeto a los requerimientos legales aplicables, en desarrollo de relaciones interinstitucionales.<\/p>\n<p>Sin perjuicio de la obligaci\u00f3n de observar y mantener la confidencialidad de la informaci\u00f3n, la Cooperativa, tomar\u00e1 las medidas necesarias para que esos terceros conozcan y se comprometan a observar esta pol\u00edtica, bajo el entendido de que la informaci\u00f3n personal que reciban, \u00fanicamente podr\u00e1 ser utilizada para asuntos directamente relacionados con las actividades propias de la re3laci\u00f3n con la Cooperativa y solamente mientras \u00e9sta dure, y no podr\u00e1 ser usada o destinada para prop\u00f3sito o fin diferente.<\/p>\n<p><strong>\u00a0<\/strong><\/p>\n<h3>5.8. Procedimiento Establecido para Consultas y reclamos por parte\u00a0 de los titulares de la informaci\u00f3n<\/h3>\n<p>Se garantiza el derecho de la consulta a los titulares o sus causahabientes, previa acreditaci\u00f3n de identidad del titular suministrado a trav\u00e9s de correo electr\u00f3nico la siguiente informaci\u00f3n, seg\u00fan sea el caso:<\/p>\n<p><strong>Si es Titular<\/strong><\/p>\n<ol>\n<li>Nombre completo del titular.<\/li>\n<li>Descripci\u00f3n de la consulta.<\/li>\n<li>Direcci\u00f3n de residencia y<\/li>\n<li>Tel\u00e9fono.<\/li>\n<\/ol>\n<p><strong>Si es un causahabiente<\/strong><\/p>\n<ol>\n<li>Documento de identidad v\u00e1lido.<\/li>\n<li>Registro civil de defunci\u00f3n del titular.<\/li>\n<li>Documento que acredite la calidad en que act\u00faa.<\/li>\n<li>N\u00famero del documento de identidad del titular.<\/li>\n<\/ol>\n<p><strong>Si se trata de un representante legal y\/o apoderado<\/strong><\/p>\n<ol>\n<li>Documento de identidad valido.<\/li>\n<li>Documento que acredite la calidad de Representante legal y\/o apoderado del titular.<\/li>\n<li>N\u00famero de documento de identidad del titular.<\/li>\n<\/ol>\n<p>La consulta ser\u00e1 atendida en un t\u00e9rmino m\u00e1ximo de diez (10) d\u00edas h\u00e1biles\u00a0 contados a partir de la fecha de recibo de la misma. Cuando no fuere posible atender la consulta dentro de dicho t\u00e9rmino, se informar\u00e1 al interesado antes del vencimiento de los diez (10) d\u00edas, expresando los motivos de la demora y se\u00f1alando la fecha en que se atender\u00e1 su consulta, la cual en ning\u00fan\u00a0 caso podr\u00e1 superar los cinco (5) d\u00edas h\u00e1biles siguientes al vencimiento del primer plazo.<\/p>\n<p>El titular o sus causahabientes que consideren que la informaci\u00f3n contenida en una base de datos debe ser objeto de correcci\u00f3n actualizaci\u00f3n o supresi\u00f3n, o cuando adviertan el presunto incumplimiento de cualquiera de los deberes contenidos de la Ley, podr\u00e1n presentar un reclamo ante la Cooperativa o a trav\u00e9s del correo electr\u00f3nico <a href=\"mailto:protecciondatos@cooptadeo.com\">protecciondatos@cooptadeo.com<\/a><\/p>\n<h3>6. Responsabilidad de Protecci\u00f3n de Datos Personales al Interior de la Cooperativa<\/h3>\n<p>La Cooperativa actuar\u00e1 como RESPONSABLE DEL TRATAMIENTO de datos personales en los t\u00e9rminos establecidos en la normatividad vigente.<\/p>\n<p>&nbsp;<\/p>\n<p><em>Realizado por:\u00a0 Deicy Alarc\u00f3n Cerquera<\/em><\/p>\n","protected":false},"excerpt":{"rendered":"<p>TRATAMIENTO DE DATOS PERSONALES 1.\u00a0\u00a0 OBJETIVO La Cooperativa de Empleados Universidad Jorge Tadeo Lozano, Sigla Cooptadeo, a denominarse en adelante la COOPERATIVA, cuyo objeto social es Contribuir a elevar el nivel educativo, econ\u00f3mico, social y cultural de sus asociados e irradiar beneficios a la comunidad en general ha definido el tratamiento de los datos personales [&hellip;]<\/p>\n","protected":false},"author":1,"featured_media":0,"parent":0,"menu_order":0,"comment_status":"closed","ping_status":"closed","template":"","meta":{"footnotes":""},"class_list":["post-643","page","type-page","status-publish","hentry"],"yoast_head":"<!-- This site is optimized with the Yoast SEO plugin v23.0 - https:\/\/yoast.com\/wordpress\/plugins\/seo\/ -->\n<title>Tratamiento de datos - Cooptadeo<\/title>\n<meta name=\"robots\" content=\"index, follow, max-snippet:-1, max-image-preview:large, max-video-preview:-1\" \/>\n<link rel=\"canonical\" href=\"https:\/\/cooptadeo.com\/wordpress\/tratamiento-de-datos\/\" \/>\n<meta property=\"og:locale\" content=\"es_ES\" \/>\n<meta property=\"og:type\" content=\"article\" \/>\n<meta property=\"og:title\" content=\"Tratamiento de datos - Cooptadeo\" \/>\n<meta property=\"og:description\" content=\"TRATAMIENTO DE DATOS PERSONALES 1.\u00a0\u00a0 OBJETIVO La Cooperativa de Empleados Universidad Jorge Tadeo Lozano, Sigla Cooptadeo, a denominarse en adelante la COOPERATIVA, cuyo objeto social es Contribuir a elevar el nivel educativo, econ\u00f3mico, social y cultural de sus asociados e irradiar beneficios a la comunidad en general ha definido el tratamiento de los datos personales [&hellip;]\" \/>\n<meta property=\"og:url\" content=\"https:\/\/cooptadeo.com\/wordpress\/tratamiento-de-datos\/\" \/>\n<meta property=\"og:site_name\" content=\"Cooptadeo\" \/>\n<meta property=\"article:modified_time\" content=\"2017-06-29T21:06:37+00:00\" \/>\n<meta name=\"twitter:card\" content=\"summary_large_image\" \/>\n<meta name=\"twitter:label1\" content=\"Tiempo de lectura\" \/>\n\t<meta name=\"twitter:data1\" content=\"10 minutos\" \/>\n<script type=\"application\/ld+json\" class=\"yoast-schema-graph\">{\"@context\":\"https:\/\/schema.org\",\"@graph\":[{\"@type\":\"WebPage\",\"@id\":\"https:\/\/cooptadeo.com\/wordpress\/tratamiento-de-datos\/\",\"url\":\"https:\/\/cooptadeo.com\/wordpress\/tratamiento-de-datos\/\",\"name\":\"Tratamiento de datos - Cooptadeo\",\"isPartOf\":{\"@id\":\"http:\/\/cooptadeo.com\/wordpress\/#website\"},\"datePublished\":\"2017-06-28T23:35:18+00:00\",\"dateModified\":\"2017-06-29T21:06:37+00:00\",\"breadcrumb\":{\"@id\":\"https:\/\/cooptadeo.com\/wordpress\/tratamiento-de-datos\/#breadcrumb\"},\"inLanguage\":\"es\",\"potentialAction\":[{\"@type\":\"ReadAction\",\"target\":[\"https:\/\/cooptadeo.com\/wordpress\/tratamiento-de-datos\/\"]}]},{\"@type\":\"BreadcrumbList\",\"@id\":\"https:\/\/cooptadeo.com\/wordpress\/tratamiento-de-datos\/#breadcrumb\",\"itemListElement\":[{\"@type\":\"ListItem\",\"position\":1,\"name\":\"Portada\",\"item\":\"http:\/\/cooptadeo.com\/wordpress\/\"},{\"@type\":\"ListItem\",\"position\":2,\"name\":\"Tratamiento de datos\"}]},{\"@type\":\"WebSite\",\"@id\":\"http:\/\/cooptadeo.com\/wordpress\/#website\",\"url\":\"http:\/\/cooptadeo.com\/wordpress\/\",\"name\":\"Cooptadeo\",\"description\":\"La cooperativa de la familia Tadeista\",\"potentialAction\":[{\"@type\":\"SearchAction\",\"target\":{\"@type\":\"EntryPoint\",\"urlTemplate\":\"http:\/\/cooptadeo.com\/wordpress\/?s={search_term_string}\"},\"query-input\":\"required name=search_term_string\"}],\"inLanguage\":\"es\"}]}<\/script>\n<!-- \/ Yoast SEO plugin. -->","yoast_head_json":{"title":"Tratamiento de datos - Cooptadeo","robots":{"index":"index","follow":"follow","max-snippet":"max-snippet:-1","max-image-preview":"max-image-preview:large","max-video-preview":"max-video-preview:-1"},"canonical":"https:\/\/cooptadeo.com\/wordpress\/tratamiento-de-datos\/","og_locale":"es_ES","og_type":"article","og_title":"Tratamiento de datos - Cooptadeo","og_description":"TRATAMIENTO DE DATOS PERSONALES 1.\u00a0\u00a0 OBJETIVO La Cooperativa de Empleados Universidad Jorge Tadeo Lozano, Sigla Cooptadeo, a denominarse en adelante la COOPERATIVA, cuyo objeto social es Contribuir a elevar el nivel educativo, econ\u00f3mico, social y cultural de sus asociados e irradiar beneficios a la comunidad en general ha definido el tratamiento de los datos personales [&hellip;]","og_url":"https:\/\/cooptadeo.com\/wordpress\/tratamiento-de-datos\/","og_site_name":"Cooptadeo","article_modified_time":"2017-06-29T21:06:37+00:00","twitter_card":"summary_large_image","twitter_misc":{"Tiempo de lectura":"10 minutos"},"schema":{"@context":"https:\/\/schema.org","@graph":[{"@type":"WebPage","@id":"https:\/\/cooptadeo.com\/wordpress\/tratamiento-de-datos\/","url":"https:\/\/cooptadeo.com\/wordpress\/tratamiento-de-datos\/","name":"Tratamiento de datos - Cooptadeo","isPartOf":{"@id":"http:\/\/cooptadeo.com\/wordpress\/#website"},"datePublished":"2017-06-28T23:35:18+00:00","dateModified":"2017-06-29T21:06:37+00:00","breadcrumb":{"@id":"https:\/\/cooptadeo.com\/wordpress\/tratamiento-de-datos\/#breadcrumb"},"inLanguage":"es","potentialAction":[{"@type":"ReadAction","target":["https:\/\/cooptadeo.com\/wordpress\/tratamiento-de-datos\/"]}]},{"@type":"BreadcrumbList","@id":"https:\/\/cooptadeo.com\/wordpress\/tratamiento-de-datos\/#breadcrumb","itemListElement":[{"@type":"ListItem","position":1,"name":"Portada","item":"http:\/\/cooptadeo.com\/wordpress\/"},{"@type":"ListItem","position":2,"name":"Tratamiento de datos"}]},{"@type":"WebSite","@id":"http:\/\/cooptadeo.com\/wordpress\/#website","url":"http:\/\/cooptadeo.com\/wordpress\/","name":"Cooptadeo","description":"La cooperativa de la familia Tadeista","potentialAction":[{"@type":"SearchAction","target":{"@type":"EntryPoint","urlTemplate":"http:\/\/cooptadeo.com\/wordpress\/?s={search_term_string}"},"query-input":"required name=search_term_string"}],"inLanguage":"es"}]}},"_links":{"self":[{"href":"https:\/\/cooptadeo.com\/wordpress\/wp-json\/wp\/v2\/pages\/643"}],"collection":[{"href":"https:\/\/cooptadeo.com\/wordpress\/wp-json\/wp\/v2\/pages"}],"about":[{"href":"https:\/\/cooptadeo.com\/wordpress\/wp-json\/wp\/v2\/types\/page"}],"author":[{"embeddable":true,"href":"https:\/\/cooptadeo.com\/wordpress\/wp-json\/wp\/v2\/users\/1"}],"replies":[{"embeddable":true,"href":"https:\/\/cooptadeo.com\/wordpress\/wp-json\/wp\/v2\/comments?post=643"}],"version-history":[{"count":8,"href":"https:\/\/cooptadeo.com\/wordpress\/wp-json\/wp\/v2\/pages\/643\/revisions"}],"predecessor-version":[{"id":658,"href":"https:\/\/cooptadeo.com\/wordpress\/wp-json\/wp\/v2\/pages\/643\/revisions\/658"}],"wp:attachment":[{"href":"https:\/\/cooptadeo.com\/wordpress\/wp-json\/wp\/v2\/media?parent=643"}],"curies":[{"name":"wp","href":"https:\/\/api.w.org\/{rel}","templated":true}]}}